it of t - -5 - (-3732)/(-3 - -6)?
1
Let o = -63 - -327. Suppose 13*f - o = 2*f. What is the units digit of f*(69/6 - 1)?
2
Let u = 243 - 23. Suppose -26*c = -20*c - 60. Suppose 0 = 9*w - c*w + u. What is the units digit of w?
0
Let c(r) = r**2 - 11*r + 8. Let o be c(8). Let f(s) = s**3 + 17*s**2 - 29*s - 39. What is the tens digit of f(o)?
8
Let k = -23969 + 35411. What is the thousands digit of k?
1
Let h = -595 + 597. Suppose -211 - 607 = -h*i + 2*b, -i - 3*b + 393 = 0. What is the units digit of i?
5
Suppose 5*c - 45 = -4*c. What is the hundreds digit of c*((1 - -1)/2 + 55)?
2
Let o(v) = -12*v - 8*v**2 - 4 - 5 - 11 + 3 - v**3. What is the tens digit of o(-7)?
1
Let q be (-2)/(-7) + (-264)/(-56). Let y(b) = 30*b**2 + 1 + 4 - q. What is the hundreds digit of y(2)?
1
Suppose -5*u - 79*y + 75*y + 48627 = 0, 19452 = 2*u + 2*y. What is the units digit of u?
3
What is the ten thousands digit of (12/(-30))/((-24)/10770)*84?
1
Let v be 2/4*(0 + 0). Let c = -251 + 259. Suppose v = 2*b - 170 - c. What is the units digit of b?
9
Suppose -414601 + 64542 = -29*z. What is the units digit of z?
1
Let l = 6517 - 2744. What is the units digit of l?
3
Let z be (-70 + 1)/(11 - 10). Let t = z + 63. What is the tens digit of ((-4)/t)/((-2)/(-219))?
7
Suppose -5*f = s - 22, -2 = -3*f + 5*s - 0. Suppose f*w + 3 = 1023. What is the units digit of w?
5
Suppose -5*d - 6754 = -r, 36*r + 2*d = 39*r - 20262. What is the thousands digit of r?
6
Let h(k) = -813*k**3 - 15*k**2 - 39*k + 15. What is the tens digit of h(-4)?
6
Suppose 2*g + 3 = -o - 3, o = -g - 8. Let t = 13 + o. Suppose -6 = -t*z + 45. What is the tens digit of z?
1
Suppose -31*y - 3*y + 7140 = 0. Suppose r = -3*l + 143, 5*r - r + y = 5*l. What is the units digit of l?
6
Let x = -26 - -24. Let r be (-728)/39 + x/(-3). Let y = r - -24. What is the units digit of y?
6
What is the hundreds digit of (-8 - -10 - 2) + (3 - 4 - -25841)?
8
Let m(u) = 3*u**2 + 115*u + 4116. What is the units digit of m(-116)?
4
Let r be -3*13528*(66/(-36))/(-11). What is the thousands digit of 420/(-120)*r/14?
1
Let p(v) = 18*v**3 + 5*v**2 + 2*v + 6. Let w(r) = r**3 + r**2 + r + 1. Let z = -4 - 0. Let x(f) = z*w(f) + p(f). What is the hundreds digit of x(2)?
1
Suppose -5*t - 6337 = -2*h + 2503, -3*t = -3*h + 13260. What is the hundreds digit of h?
4
Let a(d) = -d**3 - 6*d**2 + 2*d + 11. Let b be a(4). Let s = b + 299. Let x = s - -3. What is the units digit of x?
1
Suppose 0 = -11*i - i + 4500. Let j = 21 + i. What is the tens digit of j?
9
Suppose 0*m - 9 = -m + 3*r, -m - 2*r = -4. Suppose q + m*q = 21. Suppose 0*u - 3*u = q, -5*g + 475 = 5*u. What is the units digit of g?
6
Suppose 0 = -4*r - 17 + 1, y - r = 1920. Suppose -4*q + 12 = 0, 4*x = -5*q + 1119 + y. Suppose -x = -5*h + 120. What is the tens digit of h?
7
Suppose 1809*t = 1855*t - 629234. What is the ten thousands digit of t?
1
Suppose 5*k + 1 = 4*k - 5*c, -3*k + 10 = 2*c. Suppose 0*x = -k*x + 32. What is the units digit of (392/x - (0 + 0))*1?
9
Let m(o) = 783*o + 9367. What is the hundreds digit of m(0)?
3
Let o be (4/12)/(((-15)/558)/(-5)). Let w(r) = o*r + 13*r - 15 + 20. What is the tens digit of w(1)?
8
Suppose 3*j - 28 = -i + 5*i, -5*j = -2*i - 42. Suppose -2*d + 30 = j. Suppose 6*t - d*t + 165 = 0. What is the tens digit of t?
3
Let n(u) = 2*u**2 + 4*u - 26. Let a be n(-5). What is the units digit of (-1 - 82/a)/((-41)/164)?
6
What is the units digit of (-63)/9 - -18386 - (-8 - 2)?
9
Let s = 9267 - 463. What is the hundreds digit of s?
8
Suppose 14*j - 266 + 252 = 0. What is the hundreds digit of 843 + (-2 - ((-4 - -4) + j))?
8
Suppose 0 = 84*n - 135*n + 456348. What is the units digit of n?
8
Let a be (-4 - 0 - -5) + 195. Let p = 53 + a. Let k = p + -132. What is the units digit of k?
7
Let f(c) = c**2 + 31*c + 9. Let h be f(18). Let r = h + -506. What is the units digit of r?
5
Suppose v - 280 = -4*s + 557, 835 = v + 2*s. Suppose 5*c + 1084 = 2*h - v, 5 = -5*c. What is the units digit of h?
6
Let i(h) be the second derivative of 2*h**4/3 + 3*h**3/2 - 13*h**2/2 + 128*h. What is the tens digit of i(5)?
3
Let r = 42 - 35. Suppose 440 = r*k - 1450. Suppose 4*w - k = -w. What is the units digit of w?
4
Let c = 16917 + -8865. What is the hundreds digit of c?
0
Let l be 1/8 + 138/48. Suppose l*y - 3 = 3*t, -t + 4 = y + 3. Suppose 2*a - 486 = 4*j, t = -5*a + 4*j - 5*j + 1204. What is the units digit of a?
1
Let f(j) = -j**2 - j + 2. Let v(c) = -40*c**2 - 2*c**3 + 17*c**2 + 14*c**2 + 3*c**3 + 16*c - 14. Let p(o) = -3*f(o) - v(o). What is the units digit of p(8)?
0
Let q = 268 + -260. What is the tens digit of 17*(q + (4 - 5))?
1
Suppose -56000 = 61*c - 69*c. What is the tens digit of c?
0
Let g = 1 + 0. Let r(c) = 345*c**2 + 5*c - 7. What is the tens digit of r(g)?
4
Let o(v) = 1706*v + 4686. What is the ten thousands digit of o(6)?
1
Let d(s) = -168*s - 3. Let m be d(-1). Let w = m - 85. Suppose 125 = 5*q - w. What is the tens digit of q?
4
Let g = -2820 + 5277. What is the thousands digit of g?
2
Suppose 2*g - h = 622, 5*g = -4*h + h + 1533. Suppose -20*t + g = -19*t. Suppose 37 - t = -2*s. What is the units digit of s?
6
Suppose -3*c - 4*t = -68, t = 11*c - 10*c - 32. What is the tens digit of (36/21)/4 + 27512/c?
8
Suppose 4 = 6*b + 22, 4*c - 6369 = -b. What is the thousands digit of c?
1
Let y = 202 + -2. Suppose -3*g + 10 = -y. Let p = g + 17. What is the units digit of p?
7
Let n = 81 + -34. Let t = 125 + n. Suppose 4*w - 5*w + t = 0. What is the tens digit of w?
7
Suppose -3*x = 2*c + 2*x - 26775, c - 5*x - 13425 = 0. Suppose 7*n + 3180 = c. What is the hundreds digit of n?
4
Let h(j) be the first derivative of -j**4/4 + j**3/3 + 43*j + 2. Let r(a) = 2*a**2 - 11*a - 6. Let q be r(6). What is the units digit of h(q)?
3
Suppose 87*c + 72 = 93*c. What is the units digit of (-8712)/(-24) - (c/1)/(-3)?
7
Let c = -52 - -54. Let n be (-3 - (-5)/2) + (-7)/c. What is the units digit of 54 - ((-78)/(-30) - n/10)?
1
Let h(f) = -f**2 + 7*f - 2. Let p = -44 - -51. Let c be h(p). What is the units digit of (-28)/(-10) - -2*c/(-20)?
3
Let i be (2/(-6))/(2/(-6)). Let m(g) = 2*g**3 + 40*g**2 - 3*g - 58. Let b be m(-20). What is the tens digit of (b - 9)/(i/(-8))?
5
Let o be 3275 - 1 - (-7)/(63/(-18)). Suppose 628 + o = 13*s. What is the hundreds digit of s?
3
Let h(q) = -7*q**2 - q - 10. Let k be h(5). What is the units digit of ((-112)/20)/(4/k)?
6
Let h(p) = 10*p**2 + 92*p + 67. Let w be h(-27). Suppose 2590 = 2*k - 3*c + 632, 0 = -5*k + 2*c + w. What is the hundreds digit of k?
9
Let g = -4007 + 6091. What is the thousands digit of g?
2
Suppose 410*m = 373*m + 194361. What is the thousands digit of m?
5
Suppose -2*r - 9748 = -2*i, -2*r = -0*i + 5*i - 24335. What is the thousands digit of i?
4
Suppose 9941 + 2053 = 6*y. Suppose -4*v - 1349 = -q, -4*q - y = -5*v - 7406. What is the thousands digit of q?
1
Let i = 35699 - 22949. What is the tens digit of i?
5
Let g(i) = i**3 + 12*i**2 + i + 24. Let u be g(-12). Suppose 0 = u*b + 45 - 369. Suppose j - b = 15. What is the tens digit of j?
4
Suppose -33*f - 2547664 = -129*f - 16*f. What is the ten thousands digit of f?
2
Let m(h) = -18*h + 4. Let r(j) = 0*j**2 - 2*j**2 + 3*j - 3*j. Let d be r(1). What is the tens digit of m(d)?
4
Suppose -3*h + 114940 = -d, 53*d = 55*d + 14. What is the units digit of h?
1
Let q be (64/8)/(-16)*-1512. Let y = q - 469. What is the units digit of y?
7
Suppose 0 = -4*d + 3*x - 71, 5*d = -x + 2*x - 97. What is the hundreds digit of (d/25 + (-284)/(-30))*111?
9
Suppose 1699*s = 1704*s + 5. Let l(k) be the first derivative of 6*k**3 + 3*k**2/2 + 3*k - 1. What is the tens digit of l(s)?
1
Suppose -4*a + 13 = -2*a - u, 0 = 5*a - u - 25. What is the tens digit of (((-14238)/a)/21)/(1/(-10))?
9
What is the hundreds digit of 10367 + (64/34 - 12/(-714)*7)?
3
Let v(y) = -58*y + 1. Let p(s) = -58*s + 2. Suppose -5*f + t + 9 = 0, -13 = -5*f - 5*t + 2. Let w(u) = f*p(u) - 3*v(u). What is the units digit of w(1)?
9
Suppose 0 = 32*n + 5*n. Suppose 24*m + 2082 - 12210 = n. What is the tens digit of m?
2
Let i = -5328 - -9498. What is the hundreds digit of i/8 - (-2)/(-8)?
5
Let n(z) = -2*z**2 + 115*z + 98. Let d = 443 - 395. What is the units digit of n(d)?
0
Let o(p) = -40*p - 1056. What is the thousands digit of